 - 3*i - 1. What is w(4)?
3
Let u(c) = -36*c + 253. Give u(7).
1
Let k(m) = 8*m + 18. What is k(-5)?
-22
Let j(a) = a**3 - 6*a**2 + 22. Calculate j(6).
22
Let d(l) = -13*l + 1. Determine d(-2).
27
Let p(x) = x**3 + 3*x**2 - 8*x - 29. Calculate p(-3).
-5
Let q(y) = 4*y**2 - 42*y + 23. Give q(10).
3
Let n(d) = d**2 - 5*d + 7. Determine n(7).
21
Let y(a) = -a**3 + 5*a**2 - 4*a - 1. Give y(4).
-1
Let f(n) = 2*n**2 - 13*n + 10. Calculate f(6).
4
Let b(h) = 5*h - 59. What is b(7)?
-24
Let u(o) = -2*o**2 + 50*o + 4. Determine u(25).
4
Let t(o) = o**3 + 4*o**2 + 1. What is t(-3)?
10
Let v(y) = -y**3 + 9*y**2 + 9*y + 2. Calculate v(10).
-8
Let n(f) = -f**3 + 7*f**2 - 2*f + 20. Calculate n(7).
6
Let f(s) = -s**2 - 33*s - 243. Give f(-11).
-1
Let o(s) = -7*s - 27. Determine o(-6).
15
Let i(u) = 2*u**2 - 59*u - 34. Give i(30).
-4
Let k(l) = 17*l**2 + 70*l + 69. Determine k(-1).
16
Let k(b) = 2*b**3 + b**2 - 2*b + 1. Determine k(-2).
-7
Let i(h) = 3*h**2 - h - 1. Determine i(4).
43
Let q(n) = -n**3 - 22*n**2 - 18*n + 34. Give q(-21).
-29
Let t(g) = -g**2 + 4*g - 2. What is t(3)?
1
Let v(y) = -2*y - 24. What is v(-8)?
-8
Let n(r) = r**3 - 8*r**2 - 10. What is n(8)?
-10
Let u(l) = l**2 - 4*l + 7. Determine u(4).
7
Let i(a) = -a**2 + 41*a - 348. Calculate i(29).
0
Let p(r) = r**3 + 4*r**2 - 11*r + 2. Calculate p(-6).
-4
Let x(u) = u**2 - u. What is x(4)?
12
Let h(s) = -s**3 - s**2 - 1. What is h(-1)?
-1
Let f(a) = a**3 + 19*a**2 + 91*a + 5. Give f(-10).
-5
Let u(k) = -2*k**2 - k + 13. Determine u(-4).
-15
Let x(n) = -5*n**2 + 6*n - 14. Give x(4).
-70
Let x(g) = 7*g - 27. Give x(6).
15
Let i(l) = 6*l + 40. Calculate i(-19).
-74
Let a(p) = -2*p**2 - 17*p - 19. Calculate a(-8).
-11
Let x(t) = 3*t**3 - 2*t**2 + 2*t - 1. Determine x(1).
2
Let b(l) = -5*l + 4. Determine b(3).
-11
Let c(i) = i**3 - 15*i**2 + 18*i - 23. Determine c(13).
-127
Let b(j) = 2*j - 25. Give b(8).
-9
Let j(y) = 2*y**2 + 36*y - 5. Determine j(-18).
-5
Let j(a) = -a**2 + 12*a - 27. Give j(3).
0
Let n(l) = l**2 + 4*l - 1. Give n(-6).
11
Let d(v) = -v**3 - 4*v**2 + 11*v - 13. Calculate d(-5).
-43
Let s(l) = 3*l**2 - 21*l + 1. Calculate s(7).
1
Let p(x) = -x**3 + 8*x**2 - 19*x + 5. Determine p(6).
-37
Let a(g) = 7*g - 27. Calculate a(5).
8
Let o(b) = 6*b + 16. Give o(-5).
-14
Let o(w) = -10*w + 87. Determine o(13).
-43
Let m(s) = 2*s**2 + 4*s. Calculate m(-4).
16
Let o(p) = p**2 + 5*p - 22. Give o(-13).
82
Let s(y) = y**2 + 9*y - 15. Determine s(-12).
21
Let k(a) = -3*a**3 + 6*a**2 - 3*a + 2. Give k(2).
-4
Let o(k) = k**3 - k**2 + 4*k + 2. Determine o(-3).
-46
Let g(j) = -2*j - 1. Give g(-4).
7
Let d(h) = h**3 + 9*h**2 - 13*h - 15. Determine d(-10).
15
Let d(x) = 45*x - 355. What is d(8)?
5
Let r(d) = -d**2 + 12*d - 30. What is r(5)?
5
Let v(a) = 16*a - 3. What is v(2)?
29
Let k(h) = -h**2 + 9*h - 13. Give k(5).
7
Let z(a) = a**2 + 42*a + 148. Give z(-38).
-4
Let j(t) = -5*t - 73. Calculate j(-14).
-3
Let r(f) = 11*f - 29. Calculate r(9).
70
Let r(a) = -3*a**2 + 12*a - 8. Calculate r(2).
4
Let b(i) = i**2 + 67*i + 564. Determine b(-10).
-6
Let f(s) = -s - 9. What is f(5)?
-14
Let v(y) = 4*y**2 + 4*y - 7. Give v(-3).
17
Let s(h) = -h**3 - 18*h**2 + 17*h - 41. What is s(-19)?
-3
Let g(x) = 2*x + 28. Give g(-15).
-2
Let p(r) = -40*r**3 - r**2 - r - 1. Determine p(-1).
39
Let z(y) = -5*y. What is z(-2)?
10
Let n(h) = h**3 + 13*h**2 + 26*h - 44. Determine n(-10).
-4
Let s(f) = 3*f**2 + f + 2. Calculate s(-2).
12
Let h(n) = -4*n - 59. What is h(-10)?
-19
Let d(x) = -x**3 + 13*x**2 - 14*x - 35. Calculate d(12).
-59
Let x(w) = -9*w - 24. What is x(-11)?
75
Let f(n) = n + 4. Give f(14).
18
Let d(j) = 2*j**2 + 9*j + 4. Give d(-4).
0
Let m(s) = 12*s**2 + s - 1. Determine m(-1).
10
Let p(q) = q**3 - 9*q**2 + 22*q - 6. What is p(4)?
2
Let r(q) = 11*q - 3. Calculate r(-3).
-36
Let w(p) = -p**2 - 3*p - 32. Give w(0).
-32
Let c(g) = -g**3 + 19*g**2 + 20*g - 23. What is c(20)?
-23
Let b(i) = -3*i. What is b(-23)?
69
Let x(a) = -a**2 + 9*a. Give x(5).
20
Let o(l) = -l**3 + 4*l**2 + 4*l + 10. Calculate o(5).
5
Let q(l) = -l**2 + 17*l + 53. Calculate q(-3).
-7
Let n(t) = -3*t**2 + 17*t - 2. Calculate n(5).
8
Let f(a) = a**2 + 2*a - 4. Give f(-5).
11
Let d(z) = -14*z + 2. Calculate d(-2).
30
Let j(d) = -d**2 + 4*d - 7. What is j(8)?
-39
Let b(t) = 16*t. Calculate b(1).
16
Let q(n) = -n**2 - 5*n + 3. Give q(-4).
7
Let f(p) = -p**2 + 10*p - 1. Calculate f(7).
20
Let j(y) = -3*y**2 - 113*y + 39. What is j(-38)?
1
Let k(q) = -22*q - 18. Calculate k(-5).
92
Let b(o) = 37*o - 1. Determine b(-1).
-38
Let l(f) = 7*f**3 + f**2 + f + 1. Calculate l(-2).
-53
Let o(f) = 2*f - 9. Determine o(10).
11
Let h(l) = l**2 + l + 3. Give h(-6).
33
Let g(l) = l**2 - 11*l + 14. What is g(9)?
-4
Let i(y) = -5*y**3 + 12*y**2 + 5*y - 7. Calculate i(3).
-19
Let c(a) = a + 5. What is c(-5)?
0
Let w(u) = u**3 + 12*u**2 + 7*u + 25. Give w(-12).
-59
Let l(a) = -a**3 + 23*a**2 - 3*a + 70. Give l(23).
1
Let y(d) = 2*d**2 - 21*d - 1. Determine y(7).
-50
Let r(g) = g**2 - g + 24. Calculate r(8).
80
Let w(u) = u**3 + 2*u**2 - 2*u + 1. Calculate w(-3).
-2
Let t(d) = -d**2 - 2*d + 2. Calculate t(2).
-6
Let x(g) = g + 16. Determine x(-18).
-2
Let o(s) = 2*s**2 + 2*s - 1. Give o(1).
3
Let y(q) = 3*q**3 + 25*q**2 - 19*q - 4. Give y(-9).
5
Let d(n) = -n**3 - 2*n**2 + 14*n - 1. Determine d(3).
-4
Let u(y) = 31*y**3 - y**2 + 4*y + 4. Calculate u(-1).
-32
Let s(f) = 2*f - 3. What is s(5)?
7
Let i(g) = g**3 + 4*g. Determine i(-3).
-39
Let y(v) = -v - 2. Calculate y(2).
-4
Let m(k) = -5*k - 2. Give m(8).
-42
Let y(v) = -6*v + 71. Give y(13).
-7
Let n(o) = -2*o**2 + 2*o + 3. Calculate n(-2).
-9
Let t(m) = -2*m**2 - 1. What is t(2)?
-9
Let m(d) = -d**2 + 11*d + 11. What is m(10)?
21
Let g(d) = 6*d. What is g(2)?
12
Let u(x) = x**2 - 34*x + 34. Calculate u(33).
1
Let w(l) = 3*l**2 - 14*l - 59. What is w(-3)?
10
Let a(g) = g**3 + g**2. Calculate a(2).
12
Let b(x) = 3*x - 4. What is b(-7)?
-25
Let m(g) = g**3 + 7*g**2 - 7*g + 9. Calculate m(-7).
58
Let z(q) = -q**3 - 15*q**2 - 2. Give z(-15).
-2
Let y(r) = r - 21. What is y(12)?
-9
Let f(q) = q**3 - 13*q**2 + 16*q - 10. What is f(12)?
38
Let w(r) = 3*r + 5. What is w(8)?
29
Let j(v) = v**3 - 28*v**2 + 27*v + 8. Determine j(27).
8
Let w(l) = 2*l - 33. Give w(14).
-5
Let c(t) = 22*t - 49. What is c(-5)?
-159
Let x(u) = 2*u - 33. What is x(23)?
13
Let z(j) = 22*j - 47. Calculate z(2).
-3
Let s(g) = -g**3 + 6*g**2 + 2*g - 34. Determine s(5).
1
Let i(j) = j**2 + 6*j + 20. What is i(-3)?
11
Let l(o) = -2*o**2 + o - 3. What is l(6)?
-69
Let z(c) = 13*c**2 + 159*c + 28. What is z(-12)?
-8
Let p(n) = n**3 - n**2 - n - 32. Determine p(0).
-32
Let r(o) = -o**3 - 12*o**2 + 3*o + 44. Determine r(-12).
8
Let k(r) = -r**2 - 24*r + 54. Determine k(-26).
2
Let q(r) = 5*r + 29. Give q(-5).
4
Let y(c) = c**3 - 4*c**2 - 4*c - 5. What is y(5)?
0
Let y(x) = x**3 - 58*x**2 + 7. Determine y(58).
7
Let m(i) = i**3 - i**2 - i - 22. Determine m(0).
-22
Let k(p) = 43*p**2 + 4*p - 3. Calculate k(2).
177
Let b(t) = 2*t**2 - 18*t + 6. What is b(7)?
-22
Let y(d) = -2*d. What is y(4)?
-8
Let h(j) = -j**3 + 2*j**2 + j - 1. What is h(4)?
-29
Let d(b) = -4*b**2 - b + 12. Determine d(-2).
-2
Let c(y) = -26*y + 1. What is c(1)?
-25
Let l(n) = n**3 + 6*n**2 - 7*n - 2. What is l(-7)?
-2
Let l(o) = -2*o**2 - 7*o + 35. Calculate l(-6).
5
Let d(a) = a**3 + 6*a**2 + 13*a + 25. What is d(-4)?
5
Let a(b) = -b**2 - 8*b + 4. What is a(-7)?
11
Let b(w) = 4*w**3 + 2*w**2 - w - 1. Determine b(2).
37
Let x(d) = 13*d**2 - 3*d - 2. What is x(-1)?
14
Let c(n) = -n + 14. Determine c(17).
-3
Let p(g) = 3*g**3 - 2*g**2 + 2*g. What is p(-2)?
-36
Let t(f) = -f**2 + 4*f + 7. Calculate t(4).
7
Let c(j) = j**3 - 25*j**2 - 7. Calculate c(25).
-7
Let m(w) = 5*w**3 + 4*w**2 + 4*w + 3. What is m(-2)?
-29
Let p(k) = k**2 + 3*k - 136. Give p(0).
-136
Let y(c) = -6*c - 46. What is y(-11)?
20
Let i(p) = -p**3 - 18*p**2 - 13*p + 36. Determine i(-17).
-32
Let x(j) = -j**3 - 19*j**2 - 95*j - 55. Determine x(-10).
-5
Let a(o) = 6*o - 7. Determine a(4).
17
Let g(c) = c**3 + 6*c. Determine g(-3).
-45
Let y(q) = -9*q + 25. What is y(3)?
-2
Let d(v) = -v**2 - 5*v - 5. What is d(-3)?
1
Let m(i) = -2*i**3 + 13*i**2 - 5*i + 3. Determine m(6).
9
Let a(d) = -d**3 - 13*d**2 - 9*d + 2. What is a(-1